s of b?
2, 3, 5
Let p(o) = -o**3 - 4*o**2 + o + 4. Let s be p(-4). Suppose d - 11 = -5*i, s*i - 3 = -i - d. List the prime factors of i.
2
List the prime factors of 7 - 950/(-5) - (2 + 0).
3, 5, 13
Let c be 5/3 + 1/3. Suppose n + 8 = 4*u, -c*n + 3*u + 3 = -1. Let q(j) = -j**3 + 9*j**2 - 8*j + 3. List the prime factors of q(n).
3
Suppose -2*t = 29 + 7. Let o = -10 - t. List the prime factors of (-3)/(-3) + o + -1.
2
What are the prime factors of -3 + -1 + (1 - -1) - -65?
3, 7
Let y be 2/1 + 12/(-6). Let p be -2*(-1 + y) - 4. List the prime factors of p/(-3) - 4/(-3).
2
Suppose -4*u + 0 = -2*p + 2, 4*p + 2*u = 4. Let c be 0 - (0 + p)*-1. Let s = c - -3. List the prime factors of s.
2
Let b(y) = y**3 - y - 4. Let a be b(0). Let n(r) = r**2 - r + 1. Let v(l) = 6*l**2 - l + 3. Let d(c) = a*n(c) + v(c). What are the prime factors of d(-4)?
19
Let i = 14 + -24. Let g be 2*(-3 + i/(-4)). List the prime factors of (-1)/g*1*2.
2
Let h(n) = -17*n + 6. What are the prime factors of h(-3)?
3, 19
Let w(i) = i**2 - 2. Let g be w(-2). Suppose 4*j + 14 = -6, -g*a - 5 = 3*j. List the prime factors of a.
5
Let q(x) = x**3 + x**2 - 6*x + 4. Suppose 0*z + z = -3*c + 15, -5*z + 19 = c. What are the prime factors of q(z)?
2, 11
Let p be 39/(-1)*(-1)/3. Suppose -5*o + 17 = -p. What are the prime factors of ((-2)/(-2))/(3/o)?
2
Suppose 2*w - 4*w = -92. Let v = 76 - w. List the prime factors of 1*-4*v/(-12).
2, 5
Suppose 4*f - 46 = -6. List the prime factors of (f/(-3))/((-6)/45).
5
List the prime factors of (-1 - (-64)/12)*3.
13
Suppose 0 = -8*l + 3*l. Let n(x) = x**2 + x + 17. What are the prime factors of n(l)?
17
Let c(p) = p**2 - p. Let d(k) = 4*k**2 - k - 3. Let y(z) = -3*c(z) + d(z). Let f = -6 + 8. What are the prime factors of y(f)?
5
Let p(f) = f**3 - 6*f**2 - 4*f - 3. What are the prime factors of p(7)?
2, 3
Suppose 3*z + 34 = 2*n - 30, 5*n + z - 126 = 0. List the prime factors of n.
2, 13
Let w be (-4)/2 + (3 - -1). Suppose -n - 151 = -0*q - 3*q, 2*q - 106 = -2*n. Suppose t - 9 = j, w*t = -2*t - j + q. What are the prime factors of t?
2, 3
Let h(b) = -24*b**3 + b**2. Let f be h(-1). Let a(g) = g**2 + 14*g + 2. Let y be a(-15). Let v = f - y. What are the prime factors of v?
2
Suppose 17 = a - 23. Let q = -28 + a. What are the prime factors of q?
2, 3
Let p = -11 + 4. Let f = 34 + p. What are the prime factors of f?
3
Suppose 0 = 5*w - 5 - 5. Let u be (-21)/12 - w/8. Let a(r) = 2*r**2 + 4*r + 3. What are the prime factors of a(u)?
3
Let r(t) = 3*t**2. Let q = -6 + 10. Suppose -3*n - 2 - q = 0. What are the prime factors of r(n)?
2, 3
Suppose 0 = -13*a + 4*a + 522. List the prime factors of a.
2, 29
Suppose -4*y + 173 = 2*g - g, 3*g - y - 480 = 0. What are the prime factors of g?
7, 23
Suppose 2*s + 5*f - 10 = 0, 2*s - f - 1 = -3. Let t be -4*(-3)/6 - s. List the prime factors of 0 - (-15 - 3)/t.
3
Suppose -b + 80 = 4*b. List the prime factors of b.
2
Let p be (-36)/(-2 + 1/2). Let o = p + -14. List the prime factors of o - 3 - (2 + -1).
2, 3
Suppose -3*k - k - 55 = -3*p, -2*k = -4. List the prime factors of 4/(-1 - p/(-15)).
2, 5
Let y(a) = -3*a**3 - a - 1. Let s be 1/2*1*-2. What are the prime factors of y(s)?
3
Let v be 1 + -14 - (2 + -1). Let o be 66/v + 6/(-21). List the prime factors of 2/o + (-104)/(-10).
2, 5
Let p(h) = -h - 2 - h + 0. Let g be p(-9). Let s = 28 - g. List the prime factors of s.
2, 3
Suppose -3*o - 376 = -2*c + 362, 0 = c. Let a be 4/(-10) - o/15. Suppose -j + a = j. List the prime factors of j.
2
Suppose 10*a - 13*a - 5*l + 563 = 0, 5*l = 3*a - 613. What are the prime factors of a?
2, 7
Suppose -j + 72 = -2*g, -151 = -2*j - 0*j - 3*g. List the prime factors of j.
2, 37
Suppose 2*g - 5 = 1. Let i be 0/((-1)/(g/(-6))). Suppose -5*u + i*u + 15 = 0. List the prime factors of u.
3
Suppose -4*d = 31 + 129. Let m(s) = -s**2 - s - 23. Let z be m(0). Let b = z - d. List the prime factors of b.
17
Suppose -40 - 56 = -3*r. Suppose 5*o - 18 = r. What are the prime factors of o?
2, 5
Suppose -3*u = -4*z - 7 + 42, -u + 2*z = 13. What are the prime factors of (16/(-5))/(u/45)?
2
Let a be (7 + (-1 - -2))/2. Suppose 2*k = 2*s + 52, 148 = -0*k + 5*k + a*s. Let m = k - 8. List the prime factors of m.
2, 5
Suppose 2*p + 331 = 3*k, 456 = 7*k - 3*k + p. What are the prime factors of k?
113
Let z = -52 + 78. Suppose -5*o = -24 - z. What are the prime factors of o?
2, 5
Let a(q) = 2*q**2 + 14*q + 9. Let z be a(-9). Let b = z - 5. Suppose d - 5 = -2*l, 7*l = d + 2*l - b. List the prime factors of d.
3, 5
Let j = -81 + 165. What are the prime factors of (9/6)/(9/j)?
2, 7
Suppose 261 = m + 3*m - 3*v, -3*m = v - 199. List the prime factors of m.
2, 3, 11
Suppose 418 = 3*d + 1. List the prime factors of d.
139
What are the prime factors of (-17)/(-51) - (-1492)/6?
3, 83
Suppose -5*s = -3*x - 0*x - 22, -s = x + 2. Let i(w) = -15*w + 6. Let j(o) = -3*o + 1. Let m(y) = -2*i(y) + 11*j(y). What are the prime factors of m(x)?
11
Let d(z) be the third derivative of z**6/120 + z**5/60 + z**4/24 + z**3/2 + 2*z**2. Let t be d(0). List the prime factors of 8 + -1 - (-1 + t).
5
Suppose 12 = 5*h - 28. Suppose -4*v + 2*f + h = 0, 5*v - 4 = 3*f - 2*f. Let i = 3 - v. What are the prime factors of i?
3
Let r(b) = b**3 + 3*b**2 - b - 3. Let h be r(-4). Let g = h + 31. Let w = g + -8. List the prime factors of w.
2
Suppose -2*k + 4*k - 20 = 0. Suppose -3*j - k = -5*v, -5*v + v - 4*j + 8 = 0. List the prime factors of v.
2
Let g be (8/10)/((-4)/(-70)). Suppose -3*t - g = 13. Let p = -7 - t. List the prime factors of p.
2
Let n(j) = -j**3 + 7*j**2 + 10*j + 4. List the prime factors of n(6).
2, 5
Suppose 0*p = 5*p. Let y be ((-3)/2)/(6/(-16)). Suppose -l + 17 - y = p. What are the prime factors of l?
13
Suppose -u - 83 = -4*r, 5*u + 8 = 33. Let f = 16 - 11. Suppose -v = -4*a - 18, 4*v - r = 3*v + f*a. List the prime factors of v.
2
Let f be ((-20)/(-6))/((-2)/(-6)). Let x(b) = -1 + f*b + 1 - 2*b**2 - 8 + b**2. What are the prime factors of x(7)?
13
Suppose 3*t = -6, -2*z + 6*z = t - 210. Let j = z + 76. List the prime factors of j.
23
Let q(j) = -j**3 - j**2 + 51. What are the prime factors of q(0)?
3, 17
Let l(y) = -1. Let n(p) = 9*p**3 + p**2 - 2*p + 2. Let h(z) = 2*l(z) + n(z). Let m be h(2). What are the prime factors of m/7 - 2/7?
2, 5
Suppose -r - 10 = -z, -2*z = 3*z - r - 70. List the prime factors of z.
3, 5
Let h(s) = 4*s**2 - 11*s + 7. Let z(v) = -v**2 + v. Let d(x) = -h(x) - 3*z(x). Let i(f) = 2*f + 2. Let o be i(2). List the prime factors of d(o).
5
Suppose 0 = 2*g - 6, -m - 4*g + 8 = -4. Suppose -4*o + 22 + 2 = m. List the prime factors of o.
2, 3
Let i be (-3 - (3 - 5))*-5. Suppose i*p + 4 + 12 = -3*q, q = -p - 2. What are the prime factors of q?
3
Let j(l) = -l**2 - 10*l - 1. What are the prime factors of j(-9)?
2
Let y(n) = 3*n - 6 - 6*n + n**3 - 2*n**3 - 3*n**2 - n. List the prime factors of y(-4).
2, 13
Let t = 131 - 92. What are the prime factors of 481/t - (-1)/(-3)?
2, 3
Suppose 2*h = -2*h + 12. Let z(k) = 8*k - 3. What are the prime factors of z(h)?
3, 7
Suppose 0*a = -a + 3. Suppose b = 3*l - 0*l - 65, a*l + b = 67. List the prime factors of l.
2, 11
Suppose -x + 3*x - 20 = 0. Suppose 20 = 5*g - x. What are the prime factors of g?
2, 3
Suppose -y = -0 - 4. Suppose -y*u + 7 + 1 = 0. Suppose 3*s + 28 = 4*k - u*s, -3*k - 5*s = 14. What are the prime factors of k?
2
Let q(s) = -s**2 - 2*s + 3. Let j be q(-3). Let o = 39 + -21. Suppose -o + j = -3*w. What are the prime factors of w?
2, 3
Let f(a) = -a**2 + 6*a + 6. List the prime factors of f(6).
2, 3
Let d(h) = h**2 + h - 2. Let j be d(-3). Suppose -2*o - n = -j*o + 11, -5*o + 3*n + 28 = 0. List the prime factors of o.
5
Suppose 7*k = 4*k. Suppose a - 5*a + 72 = k. List the prime factors of a.
2, 3
Let o(x) = -2*x + 0*x**2 + 6 + x**3 - 6*x - 5*x**2. Let i be o(6). List the prime factors of i/(-27) - (-61)/9.
7
Suppose 5*d + 2*i - 387 = 0, 0*d = -3*d - 3*i + 234. What are the prime factors of d?
7, 11
Let b(a) = a**3 + 6*a**2 + 6*a + 3. Suppose -25 = 4*i + i. Let z be b(i). What are the prime factors of (3/(-1))/(z/4)?
2, 3
Let x be 6 + -1 - 8/(-4). Suppose -x*t + 10*t - 48 = 0. What are the prime factors of t?
2
Let d = -7 - -11. Let j(t) = 8*t + d - 4*t**2 + 5*t**2 - 14. What are the prime factors of j(-10)?
